highest common factor of 812 and 18?
2
What is the greatest common divisor of 300 and 225?
75
What is the greatest common divisor of 256 and 832?
64
What is the highest common divisor of 456 and 72?
24
What is the greatest common factor of 390 and 120?
30
What is the highest common divisor of 413 and 1121?
59
Calculate the greatest common factor of 11026 and 74.
74
What is the highest common divisor of 567 and 7560?
189
Calculate the greatest common divisor of 36 and 2358.
18
What is the greatest common factor of 34 and 1241?
17
Calculate the greatest common divisor of 2590 and 20.
10
Calculate the highest common factor of 3235 and 5.
5
Calculate the highest common factor of 20447 and 7.
7
What is the greatest common divisor of 78 and 1170?
78
What is the highest common factor of 2280 and 240?
120
Calculate the highest common factor of 29 and 5191.
29
Calculate the highest common divisor of 28 and 140.
28
Calculate the highest common divisor of 2294 and 296.
74
What is the highest common divisor of 18 and 531?
9
What is the highest common factor of 18 and 909?
9
Calculate the greatest common divisor of 888 and 518.
74
What is the highest common divisor of 6 and 192?
6
What is the highest common factor of 621 and 243?
27
Calculate the highest common factor of 22088 and 11.
11
What is the highest common divisor of 93 and 155?
31
Calculate the highest common divisor of 66 and 8646.
66
What is the greatest common factor of 3076 and 4?
4
What is the highest common divisor of 405 and 45?
45
What is the greatest common divisor of 2436 and 204?
12
What is the greatest common factor of 682 and 44?
22
Calculate the greatest common divisor of 55 and 143.
11
Calculate the greatest common divisor of 122 and 61.
61
Calculate the greatest common factor of 78 and 4472.
26
Calculate the greatest common divisor of 450 and 3690.
90
What is the greatest common factor of 100 and 20?
20
Calculate the highest common factor of 1638 and 714.
42
Calculate the highest common divisor of 256 and 16.
16
What is the highest common divisor of 704 and 11?
11
Calculate the highest common factor of 50 and 1475.
25
Calculate the greatest common factor of 50 and 1340.
10
What is the greatest common factor of 280 and 42?
14
Calculate the highest common factor of 3097 and 163.
163
Calculate the highest common divisor of 4959 and 513.
171
Calculate the greatest common factor of 35736 and 48.
24
What is the highest common factor of 21900 and 60?
60
Calculate the highest common divisor of 3400 and 400.
200
What is the greatest common divisor of 3 and 27?
3
Calculate the greatest common factor of 45507 and 231.
231
What is the highest common factor of 4189 and 413?
59
What is the greatest common divisor of 5888 and 4352?
256
What is the greatest common factor of 81 and 54?
27
Calculate the highest common divisor of 354 and 6.
6
Calculate the greatest common factor of 3059 and 38.
19
What is the greatest common divisor of 505 and 404?
101
What is the highest common divisor of 17202 and 564?
282
Calculate the greatest common factor of 3808 and 48.
16
What is the highest common divisor of 72 and 264?
24
Calculate the greatest common divisor of 3 and 1179.
3
Calculate the greatest common factor of 355 and 71.
71
Calculate the greatest common factor of 228 and 1425.
57
Calculate the greatest common factor of 403 and 13.
13
Calculate the greatest common factor of 240 and 50.
10
What is the greatest common factor of 272 and 6664?
136
What is the greatest common divisor of 284 and 5538?
142
What is the highest common divisor of 64 and 296?
8
Calculate the highest common factor of 414 and 18.
18
What is the greatest common factor of 52 and 156?
52
What is the greatest common divisor of 583 and 33?
11
Calculate the greatest common factor of 68 and 4607.
17
What is the highest common divisor of 90 and 225?
45
What is the greatest common factor of 1130 and 270?
10
Calculate the greatest common divisor of 88 and 99704.
88
What is the greatest common factor of 71 and 2059?
71
Calculate the highest common divisor of 682 and 22.
22
Calculate the highest common divisor of 73 and 1.
1
Calculate the greatest common divisor of 2378 and 174.
58
What is the highest common factor of 11 and 60566?
11
Calculate the greatest common divisor of 100 and 2120.
20
Calculate the greatest common factor of 12172 and 68.
68
What is the greatest common divisor of 603 and 2680?
67
What is the highest common divisor of 6966 and 162?
162
What is the greatest common divisor of 2346 and 68?
34
What is the greatest common factor of 481 and 37?
37
What is the highest common divisor of 273 and 168?
21
What is the greatest common divisor of 667 and 46?
23
What is the highest common divisor of 14074 and 186?
62
What is the highest common divisor of 70 and 160?
10
Calculate the greatest common factor of 7439 and 43.
43
What is the highest common divisor of 96 and 168?
24
What is the highest common divisor of 656 and 3116?
164
What is the greatest common factor of 22 and 1980?
22
Calculate the greatest common divisor of 1488 and 1364.
124
What is the highest common factor of 52 and 4?
4
Calculate the highest common divisor of 204 and 24.
12
Calculate the highest common divisor of 16852 and 176.
44
What is the greatest common divisor of 2478 and 840?
42
What is the highest common divisor of 6 and 150?
6
Calculate the highest common factor of 68 and 15878.
34
Calculate the highest common divisor of 10 and 2820.
10
Calculate the greatest common divisor of 14 and 20006.
14
Calculate the greatest common factor of 133 and 95.
19
Calculate the greatest common divisor of 71 and 2059.
71
What is the highest common factor of 45 and 3771?
9
Calculate the greatest common divisor of 3104 and 32.
32
Calculate the highest common divisor of 90 and 9675.
45
What is the greatest common divisor of 777 and 185?
37
What is the greatest common divisor of 3240 and 40?
40
What is the highest common divisor of 78 and 143?
13
Calculate the highest common factor of 134 and 1273.
67
What is the highest common divisor of 96 and 2580?
12
Calculate the highest common factor of 8 and 160.
8
Calculate the greatest common factor of 314 and 3925.
157
Calculate the greatest common divisor of 42233 and 807.
269
What is the greatest common divisor of 5 and 330?
5
What is the highest common divisor of 20 and 560?
20
What is the highest common factor of 148 and 111?
37
Calculate the greatest common factor of 844 and 9917.
211
Calculate the greatest common factor of 96 and 4500.
12
What is the greatest common factor of 15 and 1908?
3
What is the highest common divisor of 6 and 426?
6
Calculate the greatest common factor of 1024 and 1.
1
What is the highest common divisor of 1334 and 138?
46
Calculate the highest common divisor of 3 and 1455.
3
Calculate the highest common factor of 1120 and 35.
35
Calculate the highest common divisor of 551 and 29.
29
Calculate the greatest common factor of 368 and 46.
46
What is the highest common factor of 300 and 4380?
60
Calculate the highest common divisor of 576 and 9.
9
What is the greatest common factor of 7 and 4?
1
Calculate the highest common factor of 7943 and 47.
47
Calculate the highest common factor of 1539 and 19.
19
Calculate the highest common factor of 6 and 1922.
2
Calculate the highest common divisor of 200 and 680.
40
What is the highest common factor of 5074 and 1075?
43
What is the greatest common factor of 513 and 27?
27
Calculate the highest common factor of 56 and 154.
14
Calculate the highest common divisor of 204 and 4964.
68
Calculate the highest common divisor of 58 and 4901.
29
What is the greatest common factor of 1204 and 56?
28
Calculate the greatest common factor of 242 and 1056.
22
What is the highest common divisor of 140 and 36?
4
Calculate the greatest common divisor of 28590 and 60.
30
Calculate the greatest common divisor of 12 and 27.
3
Calculate the greatest common factor of 12282 and 138.
138
Calculate the highest common factor of 1164 and 6.
6
What is the greatest common divisor of 1572 and 36?
12
What is the highest common factor of 74 and 111?
37
What is the highest common factor of 1827 and 28?
7
What is the greatest common factor of 18 and 5760?
18
Calculate the highest common divisor 